*u**2 - 28. Calculate j(0).
-28
Let z(f) = f**2 + 10*f - 10. Calculate z(-10).
-10
Let j(w) = -w**3 - 5*w**2 + 7*w - 4. Give j(-6).
-10
Let p(g) = -4*g - 25. Calculate p(-11).
19
Let r(f) = 3*f**2 + 42*f + 19. What is r(-14)?
19
Let a(c) = c**2 + 3*c - 34. Determine a(-8).
6
Let o(a) = -5*a**3 + 4*a - 3. Calculate o(1).
-4
Let y(t) = 8*t - 2. Calculate y(3).
22
Let o(n) = -2*n**2 + 26. Determine o(5).
-24
Let z(s) = -6*s**3 - s**2 + 10*s - 9. What is z(1)?
-6
Let a(h) = 9*h + 41. Give a(-4).
5
Let x(n) = -11*n**2 + 2*n + 1. Calculate x(2).
-39
Let b(f) = 7*f - 11. Give b(1).
-4
Let j(v) = -v**3 - 9*v**2 - 14*v - 19. Give j(-8).
29
Let c(k) = k + 5. Give c(0).
5
Let r(o) = 4*o**2 - 7*o + 5. Give r(4).
41
Let c(g) = g + 14. Determine c(-13).
1
Let p(w) = -w**2 + 10*w - 4. What is p(10)?
-4
Let h(r) = r**3 - 16*r**2 - 37*r - 38. Give h(18).
-56
Let b(a) = a**2 - 10*a - 9. Give b(6).
-33
Let y(u) = 3*u - 29. Calculate y(13).
10
Let k(z) = -2*z + 11. Give k(10).
-9
Let g(q) = -q**3 - 7*q**2 - 7*q + 2. Give g(-6).
8
Let k(c) = -c**2 - 12*c. Determine k(-12).
0
Let y(f) = f + 14. What is y(-11)?
3
Let x(a) = -26*a**2 - 6*a - 7. Calculate x(-1).
-27
Let b(w) = -13*w + 24. What is b(7)?
-67
Let p(o) = -2*o + 3. Calculate p(7).
-11
Let v(n) = -n**3 - 11*n**2. Determine v(-11).
0
Let n(t) = -t**2 - 3*t + 17. Calculate n(-6).
-1
Let v(t) = -22*t**2 - 1. Determine v(1).
-23
Let h(i) = 6*i**3 - 1. What is h(2)?
47
Let y(l) = l - 12. What is y(7)?
-5
Let v(r) = r - 20. Calculate v(15).
-5
Let i(n) = -27*n - 60. Give i(-3).
21
Let q(n) = 31*n + 23. Give q(-1).
-8
Let k(u) = 14*u**3 + u**2 - u. What is k(1)?
14
Let o(l) = -l**3 - l**2 + 6*l + 2. Determine o(-3).
2
Let y(j) = j - 6. Determine y(6).
0
Let c(x) = x**2 + 13*x + 6. What is c(-12)?
-6
Let f(g) = g**2 + 8*g + 15. Determine f(-6).
3
Let a(d) = -4*d**2 + 13*d + 4. What is a(0)?
4
Let w(m) = -29*m**2 + 2. Calculate w(-2).
-114
Let r(b) = -41*b - 33. What is r(-1)?
8
Let l(b) = -b**3 - 14*b**2 - 17*b + 28. Calculate l(-13).
80
Let x(f) = -5*f**2 + f. Determine x(-1).
-6
Let d(h) = -h**3 - 5*h**2 - h + 4. Determine d(-4).
-8
Let k(c) = -c**2 - 12*c + 11. What is k(-11)?
22
Let w(z) = -102*z**2 - z + 1. Calculate w(1).
-102
Let k(w) = w**2 + 7*w - 1. Determine k(-6).
-7
Let h(m) = -m**3 + 7*m**2 - 11*m + 20. Give h(6).
-10
Let w(a) = a**3 + 13. Determine w(0).
13
Let m(t) = -12*t**3 - t**2 + 2*t + 2. Calculate m(-2).
90
Let g(i) = 4*i + 1. Calculate g(3).
13
Let t(s) = -s**2 - 14*s - 19. Calculate t(-13).
-6
Let c(i) = -4*i - 26. Give c(-5).
-6
Let d(m) = -11*m**2 - 5*m + 2. Calculate d(1).
-14
Let g(l) = 3*l**2 - 8*l - 9. Calculate g(-5).
106
Let v(x) = x**2 + 7*x + 9. Give v(-6).
3
Let k(i) = -i**3 - i**2 - i - 32. Determine k(0).
-32
Let d(w) = -w**2 - 6*w - 4. Give d(-3).
5
Let l(z) = -21*z - 57. Give l(-7).
90
Let s(t) = t**2 - 11*t + 15. What is s(8)?
-9
Let y(u) = u**3 + 25*u**2 - 54*u + 40. Give y(-27).
40
Let x(v) = -11*v - 5. Give x(-5).
50
Let g(i) = -i**2. Determine g(4).
-16
Let l(b) = b**3 - 4*b**2 + 4*b + 3. What is l(4)?
19
Let j(d) = 2*d**2 + 42*d - 270. Give j(-26).
-10
Let i(n) = -n**3 + 7*n**2 + 3*n - 3. What is i(7)?
18
Let g(l) = 2*l**2 + 40*l - 36. Calculate g(-21).
6
Let o(a) = 15*a - 556. What is o(37)?
-1
Let x(c) = -4*c + 12. Calculate x(4).
-4
Let l(b) = -b**2 + 9*b - 31. What is l(7)?
-17
Let l(w) = w**3 - 6*w**2 + 6*w + 4. Give l(4).
-4
Let k(l) = -l**2 - 2*l - 11. What is k(-3)?
-14
Let s(g) = g**3 + 26*g**2 + 121*g + 11. Give s(-20).
-9
Let x(y) = -y**3 + 8*y**2 - 11*y + 26. Give x(5).
46
Let h(v) = v - 9. What is h(4)?
-5
Let i(x) = -2*x**2 - 17. Calculate i(0).
-17
Let h(u) = -u**3 + 12*u**2 - 29*u - 15. What is h(8)?
9
Let w(a) = a - 19. Calculate w(10).
-9
Let c(j) = -j**3 + 6*j**2 + 13*j + 18. Give c(8).
-6
Let x(j) = j**3 + 3*j**2 - 2*j - 6. Determine x(-2).
2
Let s(v) = -v**2 + 15*v + 251. Give s(-11).
-35
Let o(m) = m - 1. What is o(-12)?
-13
Let o(p) = -6*p - 172. Give o(-29).
2
Let i(q) = -6*q**2 + 2*q - 1. Determine i(2).
-21
Let m(h) = -7*h**2 - 5. Calculate m(0).
-5
Let g(k) = -k**3 + k**2 + k - 1. Give g(0).
-1
Let r(t) = 9*t**3 + t**2 - t + 1. Give r(1).
10
Let t(z) = 14*z + 11. What is t(4)?
67
Let p(c) = -c**3 + c**2 + 2*c + 1. Calculate p(4).
-39
Let a(s) = -s**3 - s**2 + 5*s - 2. Give a(-4).
26
Let j(b) = -3*b - 9. Give j(-15).
36
Let i(f) = f**2 + 9*f + 8. Calculate i(-8).
0
Let q(l) = -7*l**3 - 2*l**2 - l + 2. What is q(1)?
-8
Let t(c) = c**3 + 23*c**2 - 22*c + 44. Determine t(-24).
-4
Let o(m) = 4*m**2 + 11*m + 17. Give o(-6).
95
Let d(y) = -y**3 + 9*y**2 + 23*y - 8. Calculate d(11).
3
Let l(k) = k**2 - 10*k + 9. Determine l(8).
-7
Let i(l) = l**2 - 10*l - 12. Give i(11).
-1
Let y(w) = 12*w + 38. What is y(-6)?
-34
Let a(g) = -g**2 - 15*g + 38. Give a(-16).
22
Let i(a) = 42*a - 4. Calculate i(2).
80
Let g(q) = -q**2 + 11*q. Calculate g(13).
-26
Let u(k) = k**3 + 12*k**2 - 15*k + 15. Calculate u(-13).
41
Let o(v) = -v - 33. Calculate o(-14).
-19
Let r(n) = n**3 - 15*n**2 + n - 1. What is r(15)?
14
Let w(b) = 26*b - 47. Determine w(2).
5
Let q(h) = 4*h**2 - 2*h + 3. Give q(2).
15
Let f(t) = -t**2 + 21*t - 94. What is f(13)?
10
Let r(k) = -4*k - 19. Determine r(-6).
5
Let r(c) = -c**3 + c**2 + c - 1. Determine r(-3).
32
Let j(v) = -v**3 + 12*v**2 + v - 13. Calculate j(12).
-1
Let a(c) = 2*c**3 + 17*c**2 + 8*c - 10. What is a(-7)?
81
Let n(h) = 127*h - 12. Calculate n(1).
115
Let w(v) = v**2 - 16*v + 23. What is w(15)?
8
Let z(m) = m**2 - 2*m - 21. Give z(0).
-21
Let m(x) = x**3 - 20*x**2 + 13. Give m(20).
13
Let a(f) = 7*f**3 - f**2 - 12*f - 10. Give a(-1).
-6
Let d(u) = -u**2 - 9*u - 3. Determine d(-10).
-13
Let b(r) = 10*r - 155. Give b(15).
-5
Let y(g) = -3*g**2 - 15*g + 17. What is y(-7)?
-25
Let x(o) = -o**2 + 33*o + 41. Give x(34).
7
Let b(v) = -14*v + 11. Calculate b(0).
11
Let v(f) = -f**3 - 4*f**2 - 2*f - 12. Calculate v(-5).
23
Let c(j) = j**3 + 5*j**2 - 10*j - 10. Determine c(-6).
14
Let m(x) = -3*x + 15. What is m(8)?
-9
Let h(x) = 16*x - 5. Calculate h(3).
43
Let f(u) = u**2 + 77. Calculate f(0).
77
Let h(o) = o**3 + 5*o**2 + 6*o - 2. Give h(-2).
-2
Let j(y) = y**2 - 2*y - 1. Determine j(6).
23
Let k(o) = -o - 14. Give k(0).
-14
Let l(m) = -10*m**3 - 6*m + 12. Give l(2).
-80
Let p(l) = -l**2 + 19*l - 86. Determine p(8).
2
Let m(y) = -5*y**2 - 3*y + 3. Calculate m(2).
-23
Let y(q) = 2*q**2 - 20*q - 115. What is y(-4)?
-3
Let k(c) = 2*c**3 - 7*c**2 - 5*c + 4. Determine k(4).
0
Let v(c) = -c**3 - 14*c**2 - 25*c - 2. Give v(-12).
10
Let f(n) = n**3 + 3*n**2 - 14*n - 17. Give f(-5).
3
Let i(h) = -18*h - 28. What is i(-3)?
26
Let a(m) = 4*m - 22. Give a(5).
-2
Let k(j) = 13*j**2 + 9*j + 2. What is k(-2)?
36
Let l(k) = k**2 + 2*k - 13. Give l(4).
11
Let f(k) = -k**3 + 4*k**2 + 4*k - 1. What is f(4)?
15
Let k(z) = -2*z + 19. What is k(-3)?
25
Let m(w) = w**3 - 4*w**2 + 2*w + 4. Calculate m(3).
1
Let a(z) = -35*z - 214. What is a(-6)?
-4
Let a(p) = -p**3 + 17*p**2 + 17*p + 13. What is a(18)?
-5
Let s(l) = -l**3 - 31*l**2 + 146*l - 22. What is s(4)?
2
Let b(m) = 4*m + 29. Calculate b(-7).
1
Let y(v) = v**3 + 6*v**2 + 3*v + 2. Give y(-5).
12
Let l(g) = -g**2 - 9*g - 17. What is l(-7)?
-3
Let l(v) = -78*v - 3. Give l(1).
-81
Let m(g) = g**3 - 16*g**2 - 5. Give m(16).
-5
Let k(y) = -6*y + 104. Calculate k(18).
-4
Let p(x) = -2*x**3 + 3*x**2 + 4*x + 4. Determine p(-2).
24
Let z(y) = -y + 29. Give z(18).
11
Let c(o) = -o**3 + 3*o**2 + 14*o - 6. Calculate c(-3).
6
Let o(h) = h - 4. Give o(14).
10
Let v(n) = -n**3 + 11*n**2 + 26. Determine v(11).
26
Let r(y) = -y**3 + 23*y**2 + 2*y - 49. What is r(23)?
-3
Let f(g) = -72*g + 930. Give f(13).
-6
Let g(a) = -a**3 - 6*a**2 + 17*a + 13. Calculate g(-8).
5
Let g(l) = l**2 - 8*l. What is g(8)?
0
Let l(x) = 6*x - 55. Calculate l(9).
-1
Let s(g) = -g**3 - 16*g**2 + 15*g - 37. Give s(-17).
-3
Let l(i) = -i**2 - 10*i + 11. What is l(6)?
-85
Let c(d) = -d**3 + 5*d**2 - 8*d - 7. Determine c(5).
-47
Let m(h) = -4*h - 13. What is m(-6)?
11
Let y(f) = 3*f**2 - 8*f - 37. Calculate y(7).
54
Let r(f) = -10*f + 74. Calculate r(6).
14
Let m(u) = -2*u**2 + 9*u + 6. Determine m(7).
-29
Let o(u) = 2*u - 3. Give o(17).
31
Let m(p) = p**2 + 2*p - 5. Calculate m(0).
-5
Let l(y) = y**3 - 6*y**2 - 31*y + 27. Determine l(9).
-9
Let q(